 + 0*y**2 - 1 + y**2. What is w(n)?
9
Let w(d) = d**2 + 7*d + 4. Let l(m) = 3*m**2 + 15*m + 9. Let f(c) = 2*l(c) - 5*w(c). Give f(6).
4
Let d = -12 - -18. Suppose -t = -3*t + d. Let j(h) = 3 + 5*h**t - 3. Give j(-1).
-5
Let l = -9 - -8. Let v(f) = -f - 2*f**3 - 7*f**2 - 3*f + 3*f + 2. Let q(h) = 3*h**3 + 11*h**2 + 2*h - 3. Let j(o) = 5*q(o) + 8*v(o). Calculate j(l).
-1
Let w(t) = -15*t - 7*t + 26*t + 1. Determine w(-2).
-7
Let g be ((-3)/5)/(36/(-120)). Let b(n) = 2*n**2 + g - 4 - 1 - 4*n + 2. Let z = -4 + 7. What is b(z)?
5
Let o(u) be the second derivative of -u**5/120 - u**4/12 + u**3/2 + u. Let z(n) be the second derivative of o(n). What is z(-2)?
0
Let b(s) be the first derivative of -s**5/30 - s**4/8 + s**3 - 2. Let r(g) be the third derivative of b(g). Calculate r(-2).
5
Let a(w) be the first derivative of w**2/2 + 3*w + 11. Let b(p) = p + 4. Let o be b(-6). Determine a(o).
1
Let n(w) = -3*w. Let h(k) = k**2 + 22*k + 26. Let y be h(-21). What is n(y)?
-15
Suppose -9 = -3*a - 0*a. Let l = 5 - a. Let n(c) = -c**2 - 4*c + 3. Determine n(l).
-9
Let f(d) be the first derivative of 3*d - 2*d**2 - 1/2*d**3 + 1/3*d**4 - 1/20*d**5 - 1. Let a(i) be the first derivative of f(i). Determine a(3).
-4
Let j(g) = g**3 - 6*g**2 + 5*g + 7. Let c(i) = -i**3 + 5*i**2 - 4*i - 6. Let o(d) = 6*c(d) + 5*j(d). Give o(-2).
5
Let b(n) = 6 - n**2 - 4*n + 2*n**2 - 4*n. What is b(8)?
6
Let q(j) = -2*j**2 - 7*j - 5. Let x(l) = 3*l**2 + 11*l + 7. Let d(m) = 7*q(m) + 5*x(m). Let a = -1 - -2. Suppose -6 = g - a. Give d(g).
-5
Suppose 5*n - 2 - 3 = 0, -h + 4*n = -1. Let y(t) be the second derivative of t**3/3 - t**2/2 + 3*t. Give y(h).
9
Let r = 17 + -19. Let b(l) = l. Give b(r).
-2
Suppose -5*k - 10 = 5*d, -k - 5*d = 8 + 6. Let x(t) = 2*t - t**2 - 2*t - t + 0*t**2 + 1. Give x(k).
-1
Let d(b) be the second derivative of -2*b**3/3 + 2*b**2 - 12*b. Give d(5).
-16
Let c(l) = -l + 5. Let a(i) = -i. Let o(y) = y**2 - y - 5. Let q(u) = 6*a(u) + o(u). Let m be q(8). Suppose 0 = m*r - 6*r + 12. Calculate c(r).
1
Suppose -4*f - 6 = -14. Let n(j) = -4*j + 1. Calculate n(f).
-7
Let a(r) = r**2. Suppose -3*p = b, 2*b - 4*b = -2*p - 8. Determine a(b).
9
Let f be ((-3)/(-6))/((-1)/(-4)). Let d(h) = 5 - 3*h - f*h + 4*h. Calculate d(4).
1
Suppose 8 + 2 = -2*t. Let v(q) = q + 2. Give v(t).
-3
Let j = 3 + -3. Let k be (-2)/9 - 29/(-9). Let s(n) = -k - 2 - 4*n**2 - 6 + 3*n**2 + n. Determine s(j).
-11
Let v(o) = o**3 - 8*o**2 - 4*o + 3. Let s(l) = -4*l**3 + 25*l**2 + 13*l - 8. Let p(d) = d - 7. Let g be p(0). Let z(n) = g*v(n) - 2*s(n). Determine z(-5).
10
Let k(l) = -2*l + 11. Let z(h) = 3*h**2 + 12*h - 7. Let j be z(-5). Calculate k(j).
-5
Let i(w) = w - 3. Suppose -o + 2*a - 80 = -4*o, -3*o + 88 = -2*a. Let l be 1/(-2) - o/8. Give i(l).
-7
Let b(p) be the first derivative of -1/2*p**2 + 5*p + 1/4*p**4 + p**3 + 2. Calculate b(-4).
-7
Let h(j) = j**3 - 4*j**2 + 4*j. Let n(q) = q**2 - q + 3. Let t be n(0). What is h(t)?
3
Let m = 34 + -22. Let o = 13 - m. Let t(b) = 3*b - 4*b + 4*b. Calculate t(o).
3
Let n(x) = x**3 - 8*x**2 - 6*x - 5. Let a(s) = -s**3 + 9*s**2 + 6*s + 4. Let f(h) = -3*a(h) - 4*n(h). Let w be 8 + 2/(-4)*4. What is f(w)?
8
Let r = 2 + 4. Suppose -o + 4*o = -r. Let v(c) = c**3 - 3 + 5 + 0*c**3. Give v(o).
-6
Let t(b) = -13*b**3 - 36*b**2 - 41*b + 33. Let k(c) = 3*c**3 + 9*c**2 + 10*c - 8. Let g(v) = 9*k(v) + 2*t(v). What is g(-8)?
-6
Let i(t) = -t**2 - 3*t. Let a(d) = d**3 - d**2 - d - 1. Let o be a(-1). Give i(o).
2
Let r(k) be the third derivative of k**4/24 + 5*k**3/6 - k**2. Let f(y) = -3*y - 14. Let j(b) = 6*f(b) + 17*r(b). What is j(5)?
-4
Let u be 154/30 + 58/(-435). Let i(k) = -k. Determine i(u).
-5
Let r(s) = 1. Let k(m) = -5 - 2*m + 2*m + 4 - m. Let t(l) = -k(l) + 3*r(l). Suppose 10 = -3*h - o, -5*o = 5*h - 0*o + 20. What is t(h)?
1
Let i(g) be the third derivative of g**6/120 + 7*g**5/60 - 3*g**4/8 - 3*g**3/2 - 12*g**2. What is i(-8)?
-1
Let h(i) = -1. Let v(k) = -5*k + 7. Let m(f) = 3*h(f) + v(f). Calculate m(-3).
19
Let z(n) be the third derivative of -n**2 + 1/120*n**6 + 1/6*n**4 - 1/12*n**5 + 0*n + 0 - 2/3*n**3. Calculate z(4).
-4
Let u(a) = -2*a**3 + 5*a**2 + 7*a. Let y(k) = k**3 + k**2 + k. Let q(i) = u(i) - 6*y(i). Calculate q(1).
-8
Let v(r) = r**3 + 5*r**2 - 7. Let l = -4 + 6. Suppose 3*w + 17 = l. What is v(w)?
-7
Let i = -7 - 0. Let q(s) = -2*s - 9. Determine q(i).
5
Let f(v) = -3*v - 1. Suppose 13 = -4*k + 1. Let x(g) = 5*g**2 + 7*g + 8. Let s be x(-2). Let o be s/(-10) - k/(-5). What is f(o)?
5
Let v = -1 - 1. Let s be ((-3)/v)/((-2)/4). Let f = 1 + s. Let r(g) = g**2 + 3*g + 1. Calculate r(f).
-1
Let f(p) = -3*p**2 + p. Let l(g) = 6*g**2 - g + 1. Let w(x) = 5*f(x) + 3*l(x). Determine w(-2).
11
Let i(j) = -4*j**3 - 5*j**2 - 8*j - 3. Let x(y) = 3*y**3 + 4*y**2 + 7*y + 3. Let o(c) = -4*i(c) - 5*x(c). Give o(-3).
-21
Suppose 5*y - 8 = -3*q, -4*y + 2*y + 6 = 4*q. Let n(d) = -d + 1. Give n(q).
0
Let q(w) = -w**3 + w**2 - w - 12. Let o(p) = -p**3 - 5*p**2 + p + 5. Let m be o(-5). Determine q(m).
-12
Let n(l) be the second derivative of l**4/12 + l**3/3 - l**2/2 + 2*l. Suppose -5*z = -4*m - 3, -24 = -m - 2*m - 5*z. Suppose -m*q - 3 = 3. Calculate n(q).
-1
Suppose -2*s - 4 = -3*s. Let v(n) be the third derivative of 1/120*n**6 + 0 - n**3 + 0*n - 1/12*n**5 + 7/24*n**4 - 3*n**2. Determine v(s).
6
Let y(x) be the second derivative of x**3 + x**2/2 - x. Let l(w) = w**2 + 8*w - 2. Let j be l(-7). Let m = 8 + j. Calculate y(m).
-5
Let a(x) = x**3 + 6*x**2 - 3*x - 9. Let j = 19 - 25. Give a(j).
9
Let g = 6 - 2. Suppose g*q = -q. Suppose q = -z - z. Let p(v) = -v**2 - v - 5. Calculate p(z).
-5
Let l(f) be the second derivative of f**5/60 + f**3/2 - 5*f**2/2 + 2*f. Let u(r) be the first derivative of l(r). Determine u(-3).
12
Let m(l) = l + 2. Let r(f) = 6*f - 3. Let u be r(12). Suppose -3*o - 18 = -u. Suppose -3*g + 0*z + o = -2*z, 4*g - 15 = -5*z. Give m(g).
7
Let h be ((-4)/2)/(10/25). Let q(y) = y**3 + 5*y**2 - 2*y + 7. What is q(h)?
17
Let c = 11 + -5. Let o(g) = 2*g. Let d(f) = -3*f - 2. Let y(m) = d(m) + 2*o(m). Calculate y(c).
4
Let j be (6/9)/((-2)/(-12)). Suppose -5*p + 3*p = -j. Let l(c) = c - 1 + 1 - 3*c**2 + 4*c**p - 1. Determine l(0).
-1
Let f(i) = -i - 3. Let s be f(-3). Let p(o) be the second derivative of -o**4/24 + o**2 - 3*o. Let y(b) be the first derivative of p(b). Determine y(s).
0
Let u(h) be the third derivative of -h**7/5040 + h**6/360 - h**5/60 + 3*h**2. Let o(k) be the third derivative of u(k). Suppose -f + 4 = -1. Calculate o(f).
-3
Let d(j) = -1 - 2*j + 5*j - j. Let w be 116/30 + 4/30. Let f be (-2)/((-8)/w - -1). Give d(f).
3
Let k(b) be the second derivative of -3*b - 1/2*b**2 - 1/6*b**3 + 0. Calculate k(6).
-7
Let w be (-2 - -19)/((-2)/(-4)). Let u be w/4 - (-5)/(-10). Let c = u - 8. Let i(g) = g**3 + g**2 - g + 2. Give i(c).
2
Let v be -9*(-2)/12*-4. Let k(b) be the third derivative of -b**5/60 - 5*b**4/24 + b**3/6 - b**2. Let s be k(v). Let m(j) = -j**2 - 7*j - 4. Determine m(s).
6
Let f(c) = -c**3 + 4*c**2 - 1. Let n = 160 + -158. Calculate f(n).
7
Suppose 0 = -2*r + 5 - 15. Let w(z) = z**3 + 4 - 68*z + 70*z + 2*z**2 + 3*z**2. Calculate w(r).
-6
Let c(t) be the second derivative of t**4/12 - 2*t**2 + 16*t. Let o = 3 - 3. Determine c(o).
-4
Let i(h) = -2*h + 1 - 7 + h. Let o(v) = v**2 - v - 6. Let j be o(0). Determine i(j).
0
Suppose 0 = 4*f - l - 10, 3*f = 5*l + 15 + 1. Suppose 2*y - 4*w = -16, 0 = 5*y + f*w + w - 12. Let k(h) = -h**3 + h**2 + h - 13. Give k(y).
-13
Suppose 0 = 4*m + 2*p + 4, 3*m - p = 18 - 11. Suppose 0 + 2 = 2*g. Let l(u) = 12*u + 1. Let w(y) = y. Let s(h) = g*l(h) - 4*w(h). Calculate s(m).
9
Let a(c) = 2*c**3 - 6*c**2 - 8*c + 15. Let q(m) = -m**3 + 3*m**2 + 4*m - 7. Let v(o) = 4*a(o) + 9*q(o). What is v(4)?
-3
Let c(o) be the second derivative of 1/3*o**3 - 1/12*o**4 + 0 - o**2 + 2*o. Let k(b) be the first derivative of c(b). What is k(4)?
-6
Let l(i) = 105*i - 40. Let p(g) = 6*g - 5. Let m(z) = z + 1. Let j(b) = 2*m(b) + p(b). Let y(o) = -40*j(o) + 3*l(o). What is y(1)?
-5
Suppose 4*k - c = -36, -10 - 22 = 5*k + 2*c. Let a(f) = -f**2 - 9*f + 3. Determine a(k).
11
Suppose 11*d - 44 = 11. Let l(j) = -j**2 + 4*j + 3. Calculate l(d).
-2
Let f be (15/10 - 4)/((-10)/24). Let d(n) = -n**3 + 5*n**2 + 10*n - 7. Give d